
341
Calculate the remainder when 28857 is divided by 1030.
17
Calculate the remainder when 263727 is divided by 13.
9
Calculate the remainder when 514 is divided by 406.
108
Calculate the remainder when 267617 is divided by 22301.
5
What is the remainder when 59023 is divided by 241?
219
Calculate the remainder when 24561 is divided by 31.
9
What is the remainder when 3013 is divided by 1029?
955
What is the remainder when 8125 is divided by 7964?
161
What is the remainder when 5727865 is divided by 310?
305
Calculate the remainder when 175433 is divided by 5658.
35
What is the remainder when 9479 is divided by 1894?
9
Calculate the remainder when 2219 is divided by 460.
379
Calculate the remainder when 6865 is divided by 89.
12
What is the remainder when 7296 is divided by 1455?
21
What is the remainder when 59977 is divided by 39?
34
What is the remainder when 32933 is divided by 8228?
21
Calculate the remainder when 55153 is divided by 100.
53
Calculate the remainder when 27055 is divided by 2459.
6
What is the remainder when 1293 is divided by 217?
208
What is the remainder when 11924 is divided by 71?
67
Calculate the remainder when 5697 is divided by 95.
92
What is the remainder when 24258 is divided by 12059?
140
Calculate the remainder when 41070 is divided by 265.
260
What is the remainder when 122666 is divided by 697?
691
What is the remainder when 2318 is divided by 86?
82
What is the remainder when 1550276 is divided by 607?
605
Calculate the remainder when 401 is divided by 120.
41
Calculate the remainder when 33566 is divided by 4795.
1
What is the remainder when 16217 is divided by 43?
6
Calculate the remainder when 227968 is divided by 29.
28
Calculate the remainder when 3325 is divided by 68.
61
What is the remainder when 110428 is divided by 20?
8
Calculate the remainder when 221260 is divided by 73749.
13
Calculate the remainder when 21810 is divided by 44.
30
What is the remainder when 3086019 is divided by 172?
167
Calculate the remainder when 1878 is divided by 31.
18
Calculate the remainder when 32360 is divided by 116.
112
What is the remainder when 26486 is divided by 37?
31
Calculate the remainder when 104956 is divided by 165.
16
Calculate the remainder when 1119619 is divided by 89.
88
What is the remainder when 2074 is divided by 6?
4
Calculate the remainder when 123467 is divided by 9.
5
Calculate the remainder when 141406 is divided by 1836.
34
What is the remainder when 11486 is divided by 333?
164
Calculate the remainder when 6284 is divided by 289.
215
What is the remainder when 22819 is divided by 25?
19
Calculate the remainder when 10480 is divided by 233.
228
Calculate the remainder when 25695 is divided by 6382.
167
What is the remainder when 3592 is divided by 522?
460
Calculate the remainder when 4271 is divided by 707.
29
Calculate the remainder when 15920 is divided by 183.
182
What is the remainder when 12046 is divided by 447?
424
What is the remainder when 3222 is divided by 716?
358
Calculate the remainder when 18104 is divided by 1805.
54
Calculate the remainder when 1601 is divided by 1227.
374
What is the remainder when 4025 is divided by 572?
21
Calculate the remainder when 57175 is divided by 31.
11
Calculate the remainder when 1498557 is divided by 448.
445
Calculate the remainder when 1307405 is divided by 1307395.
10
Calculate the remainder when 58494 is divided by 87.
30
What is the remainder when 474499 is divided by 50?
49
What is the remainder when 222669 is divided by 62?
27
Calculate the remainder when 18186 is divided by 56.
42
Calculate the remainder when 21328 is divided by 58.
42
What is the remainder when 15201 is divided by 1834?
529
Calculate the remainder when 10450 is divided by 948.
22
What is the remainder when 87061 is divided by 1382?
1377
Calculate the remainder when 368 is divided by 123.
122
What is the remainder when 6087 is divided by 1267?
1019
Calculate the remainder when 78220 is divided by 3400.
20
Calculate the remainder when 14891 is divided by 98.
93
What is the remainder when 2011885 is divided by 670626?
7
Calculate the remainder when 2238 is divided by 277.
22
What is the remainder when 9877 is divided by 1971?
22
What is the remainder when 505978 is divided by 36?
34
Calculate the remainder when 6486 is divided by 3233.
20
Calculate the remainder when 52638 is divided by 14.
12
What is the remainder when 14069 is divided by 692?
229
What is the remainder when 11812 is divided by 1181?
2
What is the remainder when 40258 is divided by 805?
8
What is the remainder when 81816 is divided by 81807?
9
Calculate the remainder when 19899 is divided by 17.
9
Calculate the remainder when 12382 is divided by 11912.
470
Calculate the remainder when 22636 is divided by 338.
328
Calculate the remainder when 3288468 is divided by 691.
690
Calculate the remainder when 2211 is divided by 814.
583
Calculate the remainder when 6218 is divided by 72.
26
Calculate the remainder when 995901 is divided by 273.
270
What is the remainder when 129087 is divided by 390?
387
Calculate the remainder when 303 is divided by 7.
2
Calculate the remainder when 774 is divided by 385.
4
What is the remainder when 21607 is divided by 124?
31
Calculate the remainder when 17238 is divided by 2461.
11
What is the remainder when 9471 is divided by 3622?
2227
What is the remainder when 262359 is divided by 23?
21
Calculate the remainder when 1166 is divided by 172.
134
What is the remainder when 4740 is divided by 503?
213
What is the remainder when 9202 is divided by 419?
403
Calculate the remainder when 268986 is divided by 7.
4
What is the remainder when 32468 is divided by 109?
95
What is the remainder when 8041 is divided by 42?
19
Calculate the remainder when 2601 is divided by 238.
221
Calculate the remainder when 83804 is divided by 13962.
32
What is the remainder when 126416 is divided by 140?
136
Calculate the remainder when 221890 is divided by 8.
2
What is the remainder when 18400 is divided by 133?
46
What is the remainder when 19476 is divided by 6490?
6
What is the remainder when 40701 is divided by 47?
46
Calculate the remainder when 3671 is divided by 244.
11
Calculate the remainder when 11969 is divided by 520.
9
Calculate the remainder when 97599 is divided by 15.
9
What is the remainder when 1168 is divided by 1166?
2
What is the remainder when 5859 is divided by 124?
31
What is the remainder when 2087 is divided by 131?
122
What is the remainder when 3575568 is divided by 77?
73
What is the remainder when 41625 is divided by 3467?
21
What is the remainder when 58154 is divided by 1366?
782
What is the remainder when 1654 is divided by 45?
34
What is the remainder when 3955 is divided by 1969?
17
Calculate the remainder when 143507 is divided by 226.
223
What is the remainder when 7197 is divided by 2237?
486
Calculate the remainder when 46391 is divided by 418.
411
What is the remainder when 27066 is divided by 43?
19
What is the remainder when 11012 is divided by 262?
8
What is the remainder when 7549 is divided by 3772?
5
What is the remainder when 818 is divided by 664?
154
What is the remainder when 99879 is divided by 552?
519
Calculate the remainder when 404543 is divided by 147.
146
What is the remainder when 65051 is divided by 89?
81
Calculate the remainder when 1166728 is divided by 446.
438
Calculate the remainder when 89082 is divided by 310.
112
What is the remainder when 2209 is divided by 5?
4
Calculate the remainder when 741 is divided by 53.
52
Calculate the remainder when 1285 is divided by 1169.
116
What is the remainder when 27042 is divided by 756?
582
What is the remainder when 11181 is divided by 276?
141
Calculate the remainder when 187610 is divided by 733.
695
What is the remainder when 381 is divided by 7?
3
Calculate the remainder when 416600 is divided by 313.
310
Calculate the remainder when 6099 is divided by 133.
114
Calculate the remainder when 435908 is divided by 404.
396
What is the remainder when 7108 is divided by 6595?
513
Calculate the remainder when 983337 is divided by 2434.
1
Calculate the remainder when 67568 is divided by 171.
23
What is the remainder when 7877 is divided by 59?
30
Calculate the remainder when 246072 is divide